ose 116*f - 121*f + 10 = -5*c, 2*c + 12 = 4*f. Let t(h) = 22*h. What is t(c)?
44
Suppose 0 = -0*g + 5*g + 1670. Let r be g/(-22) - (-2)/(-11). Let y(b) = -9 - 5*b + r + 11*b + b**2. Determine y(-6).
6
Let u(c) = c**2 - 1. Let z(f) = f**3 - 2*f**2 + f - 7. Let l = 23 - 19. Let b(h) = l*u(h) - z(h). What is b(6)?
-3
Let f(m) be the third derivative of m**5/60 - m**4/3 + m**3/2 + 2*m**2 + 36. What is f(4)?
-13
Suppose 5*p = -9*p - 56. Let z(x) = x**3 + 2*x**2 - 7*x - 3. Calculate z(p).
-7
Let s = 2 + 7. Let u(t) = 13*t**3 + 27*t**2 + 31*t + 36. Let q(n) = -5 + 14 + 19*n**2 + 3*n**3 + 8*n - 12*n**2. Let v(y) = s*q(y) - 2*u(y). Calculate v(-8).
-7
Let k(b) = b**2 + 7*b + 5. Suppose -4*x + 9 = -5*x - a, 4*x = a - 16. Calculate k(x).
-5
Let g(v) be the first derivative of -6 - 6*v - 3/2*v**2. Let k be g(-4). Let i(r) = -2*r + 9. What is i(k)?
-3
Let k = -17 + 10. Let s(r) be the second derivative of -r**3/6 - 3*r**2 - r + 30. Calculate s(k).
1
Suppose -4*s = -2*c - 20, -2*c + 0 = 3*s - 1. Let z(w) be the second derivative of -s*w**2 - 1/2*w**4 - 1/20*w**5 + 1/6*w**3 - 3*w + 0. What is z(-6)?
-12
Let q(t) be the second derivative of -13*t**5/10 + t**3/6 + 8*t - 2. Give q(1).
-25
Let l(s) = -5*s**3 - 2*s**2 - 5*s - 6. Let p = 114 - 110. Let f(j) = -4*j**2 + j**2 - 5*j - 4*j**3 + 2 - 8. Let a(w) = p*f(w) - 3*l(w). Calculate a(-5).
-6
Let b(t) = t - 1. Suppose 281 = -15*d + 41. Let w be ((-1)/(-2))/((-2)/(-48)). Let r = d + w. What is b(r)?
-5
Suppose 5*p - 4*t = 72, -5*t - 143 = -128. Let g(k) = -k**2 + 14*k + 7. Calculate g(p).
31
Suppose -2*k = 2*w + 4 - 2, 0 = -2*w - 5*k - 5. Let i(b) = 3*b**3 + w*b**3 - 5*b - 4*b**3 + 2*b - 2*b**2. Determine i(-2).
6
Suppose r = -r - 2*z + 32, -4*z = -2*r + 2. Let t(m) = -m**2 + 12*m - 8. What is t(r)?
3
Let h be ((-186)/(-8))/(18/24). Suppose 0 = 5*l + 1 - h. Let q(p) = p**3 - 3*p**2 + 7*p + 1. Let j(z) = z**2 + 1. Let x(i) = 4*j(i) - q(i). Calculate x(l).
-3
Let b = 115/2 - 57. Let y(p) be the first derivative of 4*p + b*p**2 + 1. Give y(-5).
-1
Suppose 79*n = 81*n + 22. Let w(b) = -b - 4. Determine w(n).
7
Let i be 4/((2 - 3) + 3). Let u(n) = 10*n - 1 - 2 + i. Suppose 0 = -c + 3*j - 13, -4 - 4 = -2*j. Determine u(c).
-11
Let h = -4 + 25. Let x(f) = h*f - 33*f + 15*f - 9. Determine x(7).
12
Let g(p) be the third derivative of -p**5/60 + 7*p**4/24 - 2*p**3/3 - 420*p**2 - 1. Suppose 5*o - 36 = 2*o. Let q = -6 + o. Calculate g(q).
2
Let k(i) = i**2 + 11*i + 4. Suppose 0 = -j - 1 - 9. Let m be k(j). Let r(l) be the first derivative of l**3/3 + 3*l**2 + l + 18. Calculate r(m).
1
Let n be (5/10 - 0)*(-2 - -8). Let y(f) = 13 - n*f**2 + 5 - 21 - 4*f. Calculate y(-2).
-7
Let r = 418 - 408. Let i(v) = v**3 - 10*v**2 - v + 13. Calculate i(r).
3
Let w(m) be the first derivative of 3*m**2/2 + 2*m + 1. Let g = -14 - -16. Suppose -4*z = -g*p - 2, 3*z - 3*p - 9 = -0*p. What is w(z)?
-4
Let u(n) = -9*n**2 + 30*n + 31. Let z(f) = 5*f**2 - 15*f - 16. Let a(b) = 6*u(b) + 11*z(b). Give a(-14).
-4
Let u = 14 - 25. Let f = -7 - u. Suppose 2*b = n - 15, 4*b = -0*n - f*n. Let k(p) = p - 1. Give k(n).
4
Let j(i) be the second derivative of i**6/720 - i**5/15 + i**4/12 + 2*i. Let s(q) be the third derivative of j(q). Let x = -71 + 77. What is s(x)?
-2
Let q(k) = k**2 + 3*k - 2. Let p = 6 + -10. Let a be q(p). Let z(r) = -3 + 1 - r**2 - r**3 + 4*r - r. Give z(a).
-8
Let r(k) = k + 8. Let d(y) = -2*y - 16. Let f(q) = -2*d(q) - 5*r(q). Let x be (7 - 4)*(6 + -4). Determine f(x).
-14
Let m(g) be the third derivative of 0*g - 2*g**2 - 13 + 0*g**3 + 0*g**5 - 1/24*g**4 - 1/120*g**6. Determine m(0).
0
Let z(r) = 3 + 2*r**2 + 4*r + 0*r**2 - r**2. Let l be z(-2). Let d(n) = -n - 2. Give d(l).
-1
Let d = -1 + 5. Let c = -5 + d. Let g(j) be the first derivative of -2*j**3/3 - j**2 - j + 13. Determine g(c).
-1
Let b(j) = j**3 - 8*j**2 + 2*j - 17. Let m be 135/9 - ((-8 - -2) + 13). Determine b(m).
-1
Let k = -14 - -4. Let i be ((-12)/k)/((-9)/45). Let t(c) = -c + 2. Let q(a) = a**2 + 3*a + 6. Let x(v) = -q(v) + 3*t(v). Determine x(i).
0
Let h(b) = -b**2 - 9*b + 13. Let o = -387 + 378. Calculate h(o).
13
Suppose -16 = 4*r - 64. Let k = 14 - r. Let q be 2*4/k*-1. Let u(x) = x**3 + 5*x**2 + 5*x + 2. Calculate u(q).
-2
Suppose -9 + 81 = 8*k. Let b(l) = -10*l**2 + 4*l**2 - 2*l**3 + l**3 - 4*l - 5 + k. Determine b(-5).
-1
Let a(t) be the first derivative of t**4/4 - t**3 - 3*t**2 + 3*t - 225. What is a(4)?
-5
Let t = 653/34 + -318/17. Let v(p) be the first derivative of t*p**2 + 10 + p. Calculate v(-6).
-5
Let p(d) be the third derivative of 0*d**3 + 0 + 5*d**2 - 7/24*d**4 - 1/60*d**5 + 0*d. Give p(-6).
6
Let z(r) = -r + 3. Suppose 2 = -w + 3*f, 4*f = 2*w + 6 + 4. Let g be (-4 - w - 3) + -1. Suppose 6 + 15 = g*o. Give z(o).
-4
Let x be 2/7 - 204/(-21). Let i = x + -12. Let c(w) be the first derivative of -w**4/4 - w**2/2 - w - 1. Calculate c(i).
9
Let k(z) = -z**3 + 9*z**2 + 11*z + 15. Let a be k(10). Let x(c) = 5*c - a - 10*c + 21 + 6*c. What is x(8)?
4
Let h be (-4)/3 + 2 - (-1674)/162. Let z(k) = k**3 - 9*k**2 - 20*k - 15. Determine z(h).
7
Let v(k) be the third derivative of k**8/20160 + k**7/630 + k**6/120 + k**5/12 + 20*k**2. Let u(m) be the third derivative of v(m). Determine u(-7).
-1
Suppose 0*m + 2*m = -4*o - 18, -3*o - 15 = 3*m. Let t(r) = -r**3 + r**2 - r - 1. Let p be t(-1). Let q(j) = -3*j**p - j**3 + 4*j + 2*j - 3*j + 3. Give q(o).
7
Let i(t) be the first derivative of 1/3*t**3 - 1/4*t**4 - 1/2*t**2 + 10*t + 6. Determine i(0).
10
Let j(p) = 2*p**2 + 6*p + 3. Let x(w) be the first derivative of w**4/4 - w**3 - 3*w**2 + 4*w - 16. Let o be x(4). Give j(o).
11
Let x(r) = -2*r**2 - 10*r. Let b(c) = 41*c - 456. Let p be b(11). What is x(p)?
0
Let d(b) = b**3 + 8*b**2 + b + 7. Let m be 7 - (-13)/((-65)/75). What is d(m)?
-1
Let m be ((-32)/120*5)/(10/(-75)). Let o(i) = -4*i + 28. Give o(m).
-12
Suppose 0 = -11*r - 122 - 65. Let x(f) = 5*f + 76. Let j be x(r). Let z(t) = -t**2 - 8*t - 1. Give z(j).
-10
Let r(d) = -7*d**3 + 2*d**2 - 1. Let f(p) = 9*p - 388. Let v be f(43). Give r(v).
8
Let k(f) = f**3 + 7*f**2 - 8*f + 14. Let o = 1832 + -1840. Calculate k(o).
14
Suppose -2*o + l + 113 = 0, -2*l = -5*o + 401 - 120. Let g = -59 + o. Let z(k) = k**3 + 3*k**2 - 4*k - 6. What is z(g)?
-6
Let v(b) = -970*b**2 + 969*b**2 + 8 - 12 + 7*b. What is v(5)?
6
Let a(s) = -s**2 - 3*s. Suppose -3*w + 5*r = -29, 3*w + w - 5*r - 47 = 0. Suppose -12 - w = -2*p. Suppose 4*q + q = -p. What is a(q)?
0
Let j(k) = -k**3 - 14*k**2 + k + 21. Let b be j(-14). Suppose 0 = 3*x - 12, 0 = 3*c - x - 0*x + b. Let o(a) = -6*a**2 - 2*a - 1. Determine o(c).
-5
Let c(h) = 23*h + 14. Let z be c(-1). Let g(i) = -i**2 - 11*i - 4. What is g(z)?
14
Let h(f) = 1 + 4 - 5 + 5 + f. Let k = 16 + -14. Suppose -6*a = -a - 3*l + 20, 5*a = k*l - 20. Determine h(a).
1
Let r(a) = -3*a**3 - 2*a**2 - 2*a + 2. Let y(c) = c**3 + 46*c**2 - 94*c + 98. Let s be y(-48). What is r(s)?
-34
Let a(f) = 26*f + 28*f + 21*f + f**2 - 78*f. Calculate a(5).
10
Let n(q) = -4*q**3 - 2*q**2 + 4*q + 5. Let p(l) = 2*l**3 + l**2 - 2*l - 3. Let m(i) = 4*n(i) + 7*p(i). Let c be 13 + -4 + -2 + -6 - -1. Give m(c).
-17
Let q(i) = i**2 + 4*i - 4. Let g = 14 + -10. Suppose 0 = -2*r + g - 16. Determine q(r).
8
Let b(z) = 26*z**3 - 10*z**2 - 6. Let p(m) = 5*m**3 - 2*m**2 - 1. Let w(h) = 2*b(h) - 11*p(h). Suppose 3*x + 2 = 5*x - 2*u, 3*x + u = -5. What is w(x)?
4
Let a(s) = s**2 - s - 1. Let i(p) = -7*p**2 + 13*p + 10. Suppose 4*r - 3 = b + 24, 2*b + 6 = 0. Let d(j) = r*a(j) + i(j). Calculate d(7).
4
Let d(s) = 3*s**2 - 2*s + 1. Let i be ((-9)/(-18))/(1/10). Suppose 3*u = -2*u + i. Determine d(u).
2
Suppose 0*a - a = 27. Let w = a + 33. Let s(m) = m - 6. What is s(w)?
0
Let o = -67 - -48. Let g(l) = l**3 + 19*l**2 - l - 13. Let x be g(o). Let d(f) = -f**3 + 5*f**2 + 4*f. Give d(x).
-12
Let o(i) = -i**3 - 12*i**2 - 19*i + 16. Suppose 74 - 84 = p. Give o(p).
6
Let i(v) = -198*v - 8 + 398*v - 204*v - 29. What is i(-8)?
-5
Let q be 2/4*24/4 - 2. Let d(b) = 7*b. What is d(q)?
7
Suppose 0 = 10*x - 5*x - 4*b + 12, -3*b = -9. Let n(i) = i**2 + 2*i - 13. What is n(x)?
-13
Let z(x) be the third derivative of x**5/30 + x**4/3 - 503*x**2. What is z(-6)?
24
Let a(h) = -h**3 - 5*h**2 + 7*h - 12. Let z be a(-7). Suppose 4*v - 35 = -5*u, 4*u - 7*v = -1